44?
2, 1009
List the prime factors of 32055.
3, 5, 2137
What are the prime factors of 18580?
2, 5, 929
What are the prime factors of 55865?
5, 11173
List the prime factors of 4646.
2, 23, 101
What are the prime factors of 630?
2, 3, 5, 7
List the prime factors of 46772.
2, 11, 1063
What are the prime factors of 32234?
2, 71, 227
List the prime factors of 2215.
5, 443
What are the prime factors of 9505?
5, 1901
What are the prime factors of 2422?
2, 7, 173
List the prime factors of 527.
17, 31
What are the prime factors of 4764?
2, 3, 397
List the prime factors of 6371.
23, 277
What are the prime factors of 22097?
19, 1163
List the prime factors of 224.
2, 7
What are the prime factors of 259?
7, 37
List the prime factors of 92932.
2, 7, 3319
List the prime factors of 226.
2, 113
List the prime factors of 35132.
2, 8783
List the prime factors of 1155.
3, 5, 7, 11
List the prime factors of 2301.
3, 13, 59
List the prime factors of 210246.
2, 3, 67, 523
What are the prime factors of 119306?
2, 11, 17, 29
List the prime factors of 32846.
2, 11, 1493
What are the prime factors of 38585?
5, 7717
What are the prime factors of 6889?
83
What are the prime factors of 7335?
3, 5, 163
What are the prime factors of 1415?
5, 283
List the prime factors of 130804.
2, 53, 617
What are the prime factors of 3490?
2, 5, 349
What are the prime factors of 461?
461
What are the prime factors of 3285?
3, 5, 73
List the prime factors of 38.
2, 19
List the prime factors of 954.
2, 3, 53
List the prime factors of 27131.
13, 2087
List the prime factors of 14177.
14177
What are the prime factors of 943?
23, 41
List the prime factors of 63845.
5, 113
What are the prime factors of 2383?
2383
List the prime factors of 10874.
2, 5437
List the prime factors of 2969.
2969
What are the prime factors of 6996?
2, 3, 11, 53
What are the prime factors of 33752?
2, 4219
What are the prime factors of 1935?
3, 5, 43
List the prime factors of 16234.
2, 8117
What are the prime factors of 71902?
2, 35951
What are the prime factors of 1243?
11, 113
List the prime factors of 44429.
7, 11, 577
What are the prime factors of 21650?
2, 5, 433
List the prime factors of 853.
853
List the prime factors of 431.
431
What are the prime factors of 408?
2, 3, 17
List the prime factors of 705.
3, 5, 47
What are the prime factors of 1574?
2, 787
What are the prime factors of 21250?
2, 5, 17
What are the prime factors of 8511?
3, 2837
List the prime factors of 1940.
2, 5, 97
List the prime factors of 17517.
3, 5839
List the prime factors of 6620.
2, 5, 331
List the prime factors of 36924.
2, 3, 17, 181
What are the prime factors of 11545?
5, 2309
What are the prime factors of 84544?
2, 1321
What are the prime factors of 38701?
13, 229
What are the prime factors of 3577?
7, 73
List the prime factors of 24556.
2, 7, 877
List the prime factors of 38559.
3, 12853
What are the prime factors of 1045?
5, 11, 19
What are the prime factors of 45349?
101, 449
List the prime factors of 10478.
2, 13, 31
What are the prime factors of 830?
2, 5, 83
List the prime factors of 3504.
2, 3, 73
What are the prime factors of 2457?
3, 7, 13
What are the prime factors of 81321?
3, 27107
What are the prime factors of 51591?
3, 29, 593
List the prime factors of 26963.
59, 457
List the prime factors of 10432.
2, 163
What are the prime factors of 1950?
2, 3, 5, 13
List the prime factors of 16589.
53, 313
List the prime factors of 8746.
2, 4373
List the prime factors of 32020.
2, 5, 1601
List the prime factors of 71298.
2, 3, 17, 233
What are the prime factors of 1017?
3, 113
What are the prime factors of 19784?
2, 2473
List the prime factors of 2714.
2, 23, 59
What are the prime factors of 620?
2, 5, 31
What are the prime factors of 26596?
2, 61, 109
List the prime factors of 75552.
2, 3, 787
What are the prime factors of 5798?
2, 13, 223
What are the prime factors of 49880?
2, 5, 29, 43
List the prime factors of 5044.
2, 13, 97
List the prime factors of 17742.
2, 3, 2957
List the prime factors of 820.
2, 5, 41
What are the prime factors of 5466?
2, 3, 911
List the prime factors of 246.
2, 3, 41
List the prime factors of 21838.
2, 61, 179
What are the prime factors of 11260?
2, 5, 563
What are the prime factors of 145248?
2, 3, 17, 89
List the prime factors of 61135.
5, 12227
List the prime factors of 9055.
5, 1811
What are the prime factors of 358?
2, 179
What are the prime factors of 2621?
2621
What are the prime factors of 118168?
2, 14771
List the prime factors of 1699.
1699
What are the prime factors of 32513?
13, 41, 61
List the prime factors of 5145.
3, 5, 7
List the prime factors of 265.
5, 53
List the prime factors of 12434.
2, 6217
List the prime factors of 1695.
3, 5, 113
What are the prime factors of 22088?
2, 11, 251
What are the prime factors of 1439?
1439
What are the prime factors of 10120?
2, 5, 11, 23
List the prime factors of 1650.
2, 3, 5, 11
What are the prime factors of 2393?
2393
List the prime factors of 2222.
2, 11, 101
List the prime factors of 31571.
131, 241
What are the prime factors of 18386?
2, 29, 317
List the prime factors of 2806.
2, 23, 61
List the prime factors of 2103.
3, 701
What are the prime factors of 14731?
14731
List the prime factors of 656.
2, 41
List the prime factors of 811.
811
What are the prime factors of 902?
2, 11, 41
What are the prime factors of 4440?
2, 3, 5, 37
List the prime factors of 20948.
2, 5237
List the prime factors of 356.
2, 89
What are the prime factors of 125020?
2, 5, 7, 19, 47
What are the prime factors of 1421?
7, 29
List the prime factors of 7742.
2, 7, 79
What are the prime factors of 824?
2, 103
List the prime factors of 79158.
2, 3, 79, 167
List the prime factors of 38964.
2, 3, 17, 191
What are the prime factors of 20687?
137, 151
What are the prime factors of 2194?
2, 1097
What are the prime factors of 1118?
2, 13, 43
List the prime factors of 2439.
3, 271
What are the prime factors of 8632?
2, 13, 83
List the prime factors of 19745.
5, 11, 359
What are the prime factors of 994?
2, 7, 71
List the prime factors of 7639.
7639
List the prime factors of 29950.
2, 5, 599
List the prime factors of 2983.
19, 157
What are the prime factors of 532?
2, 7, 19
What are the prime factors of 8461?
8461
List the prime factors of 8657.
11, 787
What are the prime factors of 91074?
2, 3, 43, 353
List the prime factors of 16923.
3, 5641
List the prime factors of 4881.
3, 1627
What are the prime factors of 163894?
2, 19, 227
What are the prime factors of 51104?
2, 1597
List the prime factors of 635.
5, 127
List the prime factors of 1159.
19, 61
What are the prime factors of 26?
2, 13
What are the prime factors of 15550?
2, 5, 311
List the prime factors of 282.
2, 3, 47
List the prime factors of 6394.
2, 23, 139
What are the prime factors of 1094?
2, 547
What are the prime factors of 2042?
2, 1021
List the prime factors of 1363.
29, 47
List the prime factors of 67308.
2, 3, 71, 79
What are the prime factors of 158?
2, 79
What are the prime factors of 14615?
5, 37, 79
What are the prime factors of 63829?
29, 31, 71
List the prime factors of 630.
2, 3, 5, 7
List the prime factors of 1918.
2, 7, 137
List the prime factors of 92896.
2, 2903
What are the prime factors of 2254?
2, 7, 23
What are the prime factors of 66160?
2, 5, 827
What are the prime factors of 7182?
2, 3, 7, 19
What are the prime factors of 24362?
2, 13, 937
What are the prime factors of 1175?
5, 47
List the prime factors of 698.
2, 349
List the prime factors of 508.
2, 127
List the prime factors of 1991.
11, 181
List the prime factors of 7034.
2, 3517
What are the prime factors of 17886?
2, 3, 11, 271
What are the prime factors of 42255?
3, 5, 313
What are the prime factors of 1026?
2, 3, 19
What are the prime factors of 11975?
5, 479
What are the prime factors of 13864?
2, 1733
List the prime factors of 1097.
1097
What are the prime factors of 882?
2, 3, 7
List the prime factors of 10734.
2, 3, 1789
What are the prime factors of 497?
7, 71
What are the prime factors of 9602?
2, 4801
List the prime factors of 6882.
2, 3, 31, 37
What are the prime factors of 53712?
2, 3, 373
List the prime factors of 78937.
193, 409
List the prime factors of 2231.
23, 97
What are the prime factors of 26890?
2, 5, 2689
List the